) = -1661*x + 826*x + 836*x + 7. Calculate f(-20).
-13
Let y(d) be the third derivative of -d**4/24 + 31*d**3/3 + d**2 - 12*d - 52. Determine y(63).
-1
Let j(a) = 90*a - 44*a + 11 - 44*a - 34*a. Let q(n) = -14*n + 5. Let o(t) = -6*j(t) + 13*q(t). Give o(-4).
-41
Let r be (576/80)/(2/5). Let o be (-171)/r + 1/2. Let z(d) = -d**2 - 9*d - 12. Calculate z(o).
-12
Suppose a = -2*a + 5*y + 50, 0 = -a + y + 16. Suppose a = 3*u + 54. Let v = 9 + u. Let b(k) = -k**2 - 3*k + 4. Give b(v).
0
Let u be -6 + (-7)/(210/(-225)). Let k(n) be the second derivative of -u*n**2 - 1/2*n**4 - 3*n - 2/3*n**3 + 0 - 1/20*n**5. Determine k(-5).
-8
Let d(v) = v**2 - 55*v + 370. Let w = 522 - 514. What is d(w)?
-6
Let l(q) = 11576 + q**2 - 12*q - q**2 + 3*q**2 - 11589. What is l(5)?
2
Let h(i) be the second derivative of 11/3*i**3 + 2*i + 0*i**2 + 132. Determine h(-2).
-44
Let g(p) = p**2 + 41*p + 118. Let x be g(-38). Suppose x = -2*o - 2*z, 4*o - 20 - 12 = 4*z. Let w(n) = 9*n - 3. What is w(o)?
24
Let r(l) = l**2 + 1. Let g(m) = 3*m - 23. Let t(d) = d**3 - d + 1. Let b be t(2). Let s be g(b). What is r(s)?
5
Let y(c) = -359156*c**2 + 359157*c**2 + 12*c + 3 - 55. Determine y(3).
-7
Let b = -6701 - -6707. Let a(t) = -t**2 + 24*t - 107. Determine a(b).
1
Let j(q) = -16*q + 52*q - 4*q**2 - 17*q + 3*q**3 - 18*q - 4. Let x(p) = 7*p**3 - 8*p**2 + p - 10. Let i(f) = -5*j(f) + 2*x(f). Give i(3).
0
Let w(i) = 11*i. Let z be (-1)/7 - ((-10)/(-14))/(-5). Suppose z = -f - 34 + 36. Suppose -5*k + 3 = -f*k. Determine w(k).
11
Let c(i) = 10 + 29*i - 62*i - i + 24*i - 33. Give c(-6).
37
Let m(a) be the third derivative of -5*a**4/24 - a**3/6 - 8*a**2 - 7. Let p(k) = -16*k - 4. Let g(v) = -7*m(v) + 2*p(v). Determine g(-1).
-4
Suppose 3*a - p - 27 + 34 = 0, 5*p - 21 = a. Let l(f) = -31*f - 6. Give l(a).
25
Let i(j) = -187*j + 11. Let u(q) = 140*q - 13. Let m(z) = -3*i(z) - 4*u(z). Determine m(12).
31
Let m(i) be the first derivative of -4*i**2 + 10*i - 201. Let h(s) = -7*s + 8. Let r(c) = -7*h(c) + 6*m(c). What is r(-8)?
-4
Let b be (-12)/(-42) + 95/35. Let r(w) = -3*w - w**b - 54 - 50 + 108 + 9*w - 4*w**2. Calculate r(-5).
-1
Let a(r) = 72*r + 70*r - 135*r + 131. What is a(-20)?
-9
Let s(u) = -7*u + 11. Let q(h) = -h. Let m(c) = -6*q(c) + s(c). Suppose -216*o - 3*o + 1095 = 0. Calculate m(o).
6
Suppose 6*z + 56 = -z. Let k be 14/6 + (z/(-12) - 1). Let w(d) = 5 + 19*d - 46*d - d**k + 23*d. Determine w(-6).
-7
Let l(a) be the third derivative of a**4/24 - a**3/3 + 5*a**2. Let g be l(5). Let j(p) = 15*p. Let s(m) = 8*m. Let n(o) = 6*j(o) - 11*s(o). Give n(g).
6
Let n(s) be the second derivative of 0 - 1/2*s**2 - 1/6*s**3 - 19/12*s**4 - 106*s. Determine n(-1).
-19
Let p(r) = -r**2 + 9*r. Suppose -20*u - 394 = -994. Suppose -4*v + 5 = -l - u, -3*l = -3. Determine p(v).
0
Suppose 0 = v + 2*v - 9. Let b(d) = -4*d + 3. Let r(x) = 9*x - 6. Let f(m) = v*r(m) + 7*b(m). Let o be f(4). Let s(j) = 17*j**2 + j + 1. What is s(o)?
17
Suppose -4*k + 99 = 5*o - 257, -o + 2*k = -60. Let p be (3/4)/(17/o). Let s(a) = -2*a**2 + 3*a + 3. Calculate s(p).
-6
Let k(x) = -x**3 - x**2 + 4*x - 4. Let z be k(-3). Suppose -f - 2 = -z*f. Let o(h) = -f*h - 2*h + 2*h + 3 + h. Give o(0).
3
Let f(u) = -u**2 + 4*u + 8. Let c(d) = 16*d**2 - 5*d + 3. Let a be c(7). Let o = a + -745. Calculate f(o).
-13
Suppose 0 = -o - 5*b + 8, o + 2*o - 3*b - 24 = 0. Suppose 22*c - o = 18*c. Let f(z) = -5*z**c - 2*z**3 + 2*z**2 - 2 + 14*z + 3*z**3 - 13*z. What is f(3)?
1
Let p(l) = 7*l**2 - 17*l + 13. Suppose 0 = 25*x - 348 + 73. Let t(u) = -4*u**2 + 9*u - 6. Let g(m) = x*t(m) + 6*p(m). Give g(-5).
-23
Let f(k) be the third derivative of k**6/120 + 11*k**5/20 + 4*k**4/3 + 7*k**3/3 - 2*k**2 - 60*k. Give f(-32).
14
Let y(j) be the second derivative of 5*j**3/3 + 25*j**2/2 - 1265*j - 2. What is y(-10)?
-75
Let u(m) = -3*m**3 + 3*m**2 + 691*m - 2075. Let f be u(3). Let c(v) = v**3 + 57*v**2 + 53*v - 166. What is c(f)?
2
Suppose 4*k + 2*a = 20, 5*a - 17 = -0*k + k. Suppose 0 = w - k*w + 98. Suppose -w = 2*f - 9*f. Let u(j) = j**3 - 8*j**2 + 5*j + 9. What is u(f)?
-5
Let v(l) be the third derivative of -l**5/60 + l**4/12 + 418*l**2 - 1. Give v(3).
-3
Let u(l) = -7*l**2 - l. Suppose 13 = -5*k + 4*b, 2*b - 6 = -3*k - 5. Calculate u(k).
-6
Suppose 7*i - 2*i - 10 = 0. Let f(h) = -357*h + 2. Let c(z) = 90*z - 1. Let o(t) = -4*c(t) - f(t). Calculate o(i).
-4
Let w be (22 + -7)/(-15)*0. Let m(t) = 2*t**3 + 2*t - 37. Determine m(w).
-37
Let a(n) be the third derivative of 5/6*n**3 - 1/60*n**5 - 213*n**2 - 1/6*n**4 + 0*n + 0. Calculate a(-5).
0
Let y(d) = 3*d**2 - 151*d + 67. Let x(a) = -a**2 + 56*a - 22. Let t(n) = -11*x(n) - 4*y(n). Calculate t(-9).
1
Let d = -23 + 24. Let l(h) = 1 + 149*h - 148*h + d. Let g be 0 - 6/(-3) - 2. Determine l(g).
2
Let c(u) = 4*u - 16. Let b be c(6). Suppose -b*w = -3*w + 5. Let x(m) = 2*m**3 - m. Let y(k) = -2*k**3 + k - 1. Let p(a) = -2*x(a) - y(a). Give p(w).
2
Suppose 23*p = -29 + 121. Let y(l) = -2*l**3 + 6*l**2. Give y(p).
-32
Suppose -10 = 5*h, -5*c - 2*h = -6 + 15. Let p(s) = 24*s**2 - 30 + 11 + 14 + 6. Determine p(c).
25
Let p(z) = -z + 5. Let s(l) = 2*l - 10. Let x be (3 - 6) + 1*-12. Let q = -20 - x. Let g(u) = q*p(u) - 3*s(u). What is g(7)?
-2
Let h(n) be the third derivative of 15*n**2 + 1/8*n**4 + 0*n**3 + 0 - 1/240*n**6 - 1/30*n**5 + 0*n. Let q(g) be the second derivative of h(g). Give q(-7).
17
Let a(l) = 6*l**3 - 5*l**2 + l - 4. Let b be a(0). Let d(n) be the third derivative of 1/3*n**3 + 0 + 3*n**2 + 0*n + 1/24*n**4. Determine d(b).
-2
Let v(y) = y + 6. Suppose 139*f = 137*f + 6. Suppose -j + 24 = 5*s - 0*s, -2*s = f*j - 7. Suppose 0 = s*k - 3*p + 34, -p - 3*p = 3*k + 3. Calculate v(k).
1
Let h(n) = 46*n - 75. Let v(d) = -78*d + 144. Let q(x) = 11*h(x) + 6*v(x). What is q(-1)?
1
Let j(t) be the second derivative of t**5/5 - t**4/6 - 7*t**3/6 + 3*t**2/2 + 371*t - 1. Give j(2).
13
Let q(s) = -s**3 + 5 - 19*s - 9 + 5 - 36 - 17*s**2 - 7. What is q(-16)?
6
Let c = -289 - -331. Let i(h) = -h + 27 - 74 + c. Suppose -13 - 3 = 2*r. What is i(r)?
3
Let i = -185 - -187. Let a be 160/85 - 4/(-34). Let z(h) = 2*h**2 + 2*h**i + 1 - a*h**2 - 244*h + 241*h. Determine z(2).
3
Let p(n) be the third derivative of -n**4/12 + 7*n**3/3 - 92*n**2 - 14. Determine p(16).
-18
Let w(q) be the third derivative of -23*q**6/120 + q**5/60 - q**4/24 - q**3/3 - 2*q**2 + 105. Determine w(-1).
23
Let r(n) = n. Let c(o) = 6*o - 12. Let b(p) = -c(p) + 3*r(p). Suppose 12*f + 5*w = 10*f - 7, 11 = 4*f + 5*w. Give b(f).
-15
Let o be (-234)/1053 + ((-7)/9 - -1). Let p(r) = -2*r - 32. Give p(o).
-32
Let j be 0/(-2) + (124 - (-4 - 2)). Let t be 120/(-65) + (-20)/j. Let c(i) = -9*i - 4. Calculate c(t).
14
Let p = 15961 - 15961. Let i(c) = -c + 8. Let h be i(6). Let g(v) = 1 - 2 + v**h - v**3 + 0 - v. Determine g(p).
-1
Let s(v) = 22 - 6*v - 3*v**2 - v + 8*v + 4*v**2. Give s(-5).
42
Let a(z) = z**2 - 7*z + 15. Let p(y) = y + 1. Let u(o) = -a(o) + 4*p(o). Let t be (4 - (-69)/(-18)) + (-569)/(-6). Let n = -87 + t. Calculate u(n).
13
Let w(x) = -17*x. Suppose 0 = 25*n - 21*n + 36. Suppose 747 = -26*j - 163. Let t be (3/n)/(-2 + j/(-15)). Calculate w(t).
17
Suppose 8 = 6*x - 2*x. Let l = 26 + -24. Let m(s) = 99 - 96 - s**l + s**2 - 3*s - 2*s**3. Determine m(x).
-19
Let z(p) = 4543*p - 4548*p - 19 - 23. Determine z(-8).
-2
Let a(r) = -r**2 + 4*r + 34. Let w(d) = 16*d + 40. Suppose -18*g - 26 = 10. Let m be w(g). What is a(m)?
2
Let b(h) = h**3 - 7*h**2 + 2*h - 4. Let f(d) = -d**3 + 163*d**2 + 176*d - 1962. Let k be f(164). Determine b(k).
-28
Let o(b) = 41*b**2 - 8*b + 42. Let k(f) = 7*f**2 + 1. Let p(n) = 6*k(n) - o(n). What is p(-11)?
-3
Let s(d) = d**3 + 2*d**2 + d + 1. Let c = 122 - 152. Let v be -5*((-38)/30 - c/18). Determine s(v).
-1
Let i = -96 - -98. Let f(c) = 12*c**2 - 5 + 12*c - 13*c - 11*c**i. Determine f(5).
15
Let k = 22842 + -22843. Let p(y) = -25*y**2 + 7*y + 7. Give p(k).
-25
Suppose 0 = -4*p, s - 5*p - 26 + 30 = 0. Let c(l) = -l**3 - 6*l**2 - 5*l + 11. Determine c(s).
-1
Suppose -127 + 47 = -20*t. Let o(y) = -6*y + 9. Let w(f) = 3*f - 4. Let g(u) = 6*o(u) + 13*w(u). Determine g(t).
14
Let o(b) = 8*b + 114. Let d be o(-14). Suppose -4*w = 2*i + 22, d*w - 3*i + 9 = w. Let y(a) = -a**3 - 6*a**2 - 6. What is y(w)?
-6
Let u(k) be the fir